it of 3247541?
4
What is the ten millions digit of 10179777?
1
What is the hundreds digit of 646801?
8
What is the tens digit of 162898?
9
What is the ten thousands digit of 1894862?
9
What is the hundred thousands digit of 1209774?
2
What is the hundreds digit of 29326665?
6
What is the hundreds digit of 129222?
2
What is the units digit of 623133?
3
What is the tens digit of 18262961?
6
What is the hundreds digit of 559822?
8
What is the hundred thousands digit of 151561?
1
What is the tens digit of 11143349?
4
What is the millions digit of 1406167?
1
What is the tens digit of 444942?
4
What is the thousands digit of 5301585?
1
What is the ten thousands digit of 43660392?
6
What is the units digit of 7084229?
9
What is the units digit of 1053674?
4
What is the tens digit of 366522?
2
What is the hundred thousands digit of 867831?
8
What is the millions digit of 27516615?
7
What is the millions digit of 20864631?
0
What is the ten thousands digit of 15720167?
2
What is the ten thousands digit of 143478?
4
What is the tens digit of 1114022?
2
What is the tens digit of 1492199?
9
What is the thousands digit of 678838?
8
What is the thousands digit of 2878003?
8
What is the units digit of 7272305?
5
What is the tens digit of 3752582?
8
What is the tens digit of 941196?
9
What is the units digit of 584163?
3
What is the hundred thousands digit of 27123962?
1
What is the hundred thousands digit of 24894354?
8
What is the hundreds digit of 317811?
8
What is the hundred thousands digit of 218945?
2
What is the hundreds digit of 1330548?
5
What is the hundreds digit of 14498824?
8
What is the thousands digit of 891891?
1
What is the tens digit of 1194065?
6
What is the hundred thousands digit of 256615?
2
What is the thousands digit of 16913997?
3
What is the hundred thousands digit of 7591984?
5
What is the hundreds digit of 169300?
3
What is the tens digit of 695171?
7
What is the tens digit of 12326205?
0
What is the hundreds digit of 276092?
0
What is the hundred thousands digit of 437972?
4
What is the tens digit of 35509?
0
What is the thousands digit of 189169?
9
What is the units digit of 278955?
5
What is the tens digit of 518658?
5
What is the units digit of 247424?
4
What is the units digit of 3914292?
2
What is the tens digit of 298889?
8
What is the tens digit of 3015040?
4
What is the thousands digit of 193443?
3
What is the tens digit of 770162?
6
What is the hundreds digit of 2023261?
2
What is the millions digit of 11588797?
1
What is the ten thousands digit of 1568451?
6
What is the millions digit of 2741055?
2
What is the thousands digit of 9947?
9
What is the units digit of 142119?
9
What is the hundred thousands digit of 123031?
1
What is the units digit of 1953496?
6
What is the hundred thousands digit of 173135?
1
What is the units digit of 35445979?
9
What is the thousands digit of 1337484?
7
What is the thousands digit of 322665?
2
What is the thousands digit of 68377?
8
What is the ten millions digit of 41536087?
4
What is the units digit of 14627947?
7
What is the units digit of 8799302?
2
What is the thousands digit of 197538?
7
What is the units digit of 10751194?
4
What is the thousands digit of 2674913?
4
What is the tens digit of 1425529?
2
What is the ten thousands digit of 1164546?
6
What is the ten thousands digit of 28965797?
6
What is the thousands digit of 669635?
9
What is the units digit of 23424?
4
What is the tens digit of 19017?
1
What is the units digit of 12966272?
2
What is the thousands digit of 37753?
7
What is the thousands digit of 303558?
3
What is the tens digit of 827641?
4
What is the millions digit of 38284245?
8
What is the millions digit of 6220160?
6
What is the tens digit of 3389?
8
What is the tens digit of 7998908?
0
What is the ten thousands digit of 16113360?
1
What is the ten thousands digit of 402911?
0
What is the tens digit of 254396?
9
What is the hundred thousands digit of 3582011?
5
What is the tens digit of 1997578?
7
What is the tens digit of 1901523?
2
What is the thousands digit of 774077?
4
What is the units digit of 7739616?
6
What is the millions digit of 7496834?
7
What is the ten thousands digit of 3396372?
9
What is the tens digit of 630998?
9
What is the hundred thousands digit of 2657643?
6
What is the units digit of 136219?
9
What is the ten thousands digit of 44281?
4
What is the units digit of 1094232?
2
What is the ten thousands digit of 1073550?
7
What is the tens digit of 830254?
5
What is the hundred thousands digit of 15490732?
4
What is the hundreds digit of 218974?
9
What is the thousands digit of 302128?
2
What is the hundred thousands digit of 12202711?
2
What is the units digit of 554371?
1
What is the millions digit of 3973390?
3
What is the ten thousands digit of 37688769?
8
What is the thousands digit of 821810?
1
What is the hundreds digit of 5709845?
8
What is the tens digit of 209758?
5
What is the thousands digit of 94507?
4
What is the hundreds digit of 7342989?
9
What is the hundreds digit of 392966?
9
What is the thousands digit of 207353?
7
What is the tens digit of 16528585?
8
What is the hundreds digit of 604198?
1
What is the thousands digit of 268512?
8
What is the tens digit of 17344808?
0
What is the tens digit of 422026?
2
What is the hundred thousands digit of 9817443?
8
What is the units digit of 1617004?
4
What is the units digit of 3353587?
7
What is the units digit of 387760?
0
What is the ten thousands digit of 2011664?
1
What is the millions digit of 7622915?
7
What is the thousands digit of 29451483?
1
What is the millions digit of 8647456?
8
What is the tens digit of 2143692?
9
What is the thousands digit of 1627922?
7
What is the ten thousands digit of 5790330?
9
What is the hundred thousands digit of 16370296?
3
What is the units digit of 2123896?
6
What is the thousands digit of 148871?
8
What is the units digit of 16830409?
9
What is the hundreds digit of 6493512?
5
What is the ten thousands digit of 2206109?
0
What is the units digit of 171049?
9
What is the millions digit of 17557362?
7
What is the thousands digit of 11962904?
2
What is the hundreds digit of 205299?
2
What is the ten thousands digit of 174294?
7
What is the hundreds digit of 226306?
3
What is the units digit of 47736?
6
What is the tens digit of 6841984?
8
What is the hundred thousands digit of 386474?
3
What is the hundred thousands digit of 186866?
1
What is the hundreds digit of 2245418?
4
What is the hundreds digit of 2048594?
5
What is the hundreds digit of 455372?
3
What is the thousands digit of 199019?
9
What is the millions digit of 19284657?
9
What is the units digit of 33409942?
2
What is the hundreds digit of 200373?
3
What is the tens digit of 89065?
6
What is the millions digit of 1041535?
1
What is the units digit of 4956338?
8
What is the hundred thousands digit of 2440799?
4
What is the ten thousands digit of 34737?
3
What is the units digit of 1299650?
0
What is the hundred thousands digit of 869746?
8
What is the hundred thousands digit of 4627998?
6
What is the millions digit of 3513309?
3
What is the tens digit of 6841407?
0
What is the units digit of 3012201?
1
What is the units digit of 402457?
7
What is the millions digit of 7350477?
7
What is the thousands digit of 273380?
3
What is the tens digit of 694903?
0
What is the units digit of 207623?
3
What is the units digit of 236011?
1
What is the thousands digit of 72231?
2
What is the thousands digit of 12703852?
3
What is the thousands digit of 293410?
3
What is the hundreds digit of 251099?
0
What is the hundreds digit of 596919?
9
What is the tens digit of 308056?
5
What is the hundreds digit of 2052006?
0
What is the ten thousands digit of 1403430?
0
What is the hundreds digit of 1841654?
6
What is the tens digit of 11199056?
5
What is the ten thousands digit of 6753501?
5
What is the ten thousands digit of 3362622?
6
What is the units digit of 76383?
3
What is the hundred thousands digit of 532030?
5
What is the hundreds digit of 953720?
7
What is the tens digit of 2982727?
2
What is the units digit of 2103217?
7
What is the units digit of 390226?
6
What is the thousands digit of 2006100?
6
What is the thousands digit of 301256?
1
What is the thousands digit of 1746872?
6
Wh